{"id":839,"date":"2025-03-09T23:49:17","date_gmt":"2025-03-09T22:49:17","guid":{"rendered":"https:\/\/cynyem.com\/?page_id=839"},"modified":"2025-06-13T16:02:42","modified_gmt":"2025-06-13T14:02:42","slug":"tasse-love-signe","status":"publish","type":"page","link":"https:\/\/cynyem.com\/index.php\/tasse-love-signe\/","title":{"rendered":"Tasse Love signe"},"content":{"rendered":"<div class=\"wp-block-image\">\n<figure data-wp-context=\"{&quot;imageId&quot;:&quot;69e0d45868164&quot;}\" data-wp-interactive=\"core\/image\" data-wp-key=\"69e0d45868164\" class=\"aligncenter size-large is-resized wp-lightbox-container\"><img loading=\"lazy\" decoding=\"async\" width=\"723\" height=\"1024\" data-wp-class--hide=\"state.isContentHidden\" data-wp-class--show=\"state.isContentVisible\" data-wp-init=\"callbacks.setButtonStyles\" data-wp-on--click=\"actions.showLightbox\" data-wp-on--load=\"callbacks.setButtonStyles\" data-wp-on-window--resize=\"callbacks.setButtonStyles\" src=\"https:\/\/cynyem.com\/wp-content\/uploads\/2025\/03\/IMG_20250113_221527-723x1024.jpg\" alt=\"\" class=\"wp-image-840\" style=\"width:358px;height:auto\" srcset=\"https:\/\/cynyem.com\/wp-content\/uploads\/2025\/03\/IMG_20250113_221527-723x1024.jpg 723w, https:\/\/cynyem.com\/wp-content\/uploads\/2025\/03\/IMG_20250113_221527-212x300.jpg 212w, https:\/\/cynyem.com\/wp-content\/uploads\/2025\/03\/IMG_20250113_221527-768x1087.jpg 768w, https:\/\/cynyem.com\/wp-content\/uploads\/2025\/03\/IMG_20250113_221527-1085x1536.jpg 1085w, https:\/\/cynyem.com\/wp-content\/uploads\/2025\/03\/IMG_20250113_221527-1447x2048.jpg 1447w, https:\/\/cynyem.com\/wp-content\/uploads\/2025\/03\/IMG_20250113_221527.jpg 1800w\" sizes=\"auto, (max-width: 723px) 100vw, 723px\" \/><button\n\t\t\tclass=\"lightbox-trigger\"\n\t\t\ttype=\"button\"\n\t\t\taria-haspopup=\"dialog\"\n\t\t\taria-label=\"Agrandir\"\n\t\t\tdata-wp-init=\"callbacks.initTriggerButton\"\n\t\t\tdata-wp-on--click=\"actions.showLightbox\"\n\t\t\tdata-wp-style--right=\"state.imageButtonRight\"\n\t\t\tdata-wp-style--top=\"state.imageButtonTop\"\n\t\t>\n\t\t\t<svg xmlns=\"http:\/\/www.w3.org\/2000\/svg\" width=\"12\" height=\"12\" fill=\"none\" viewBox=\"0 0 12 12\">\n\t\t\t\t<path fill=\"#fff\" d=\"M2 0a2 2 0 0 0-2 2v2h1.5V2a.5.5 0 0 1 .5-.5h2V0H2Zm2 10.5H2a.5.5 0 0 1-.5-.5V8H0v2a2 2 0 0 0 2 2h2v-1.5ZM8 12v-1.5h2a.5.5 0 0 0 .5-.5V8H12v2a2 2 0 0 1-2 2H8Zm2-12a2 2 0 0 1 2 2v2h-1.5V2a.5.5 0 0 0-.5-.5H8V0h2Z\" \/>\n\t\t\t<\/svg>\n\t\t<\/button><\/figure>\n<\/div>\n\n\n<div class=\"wp-block-columns is-layout-flex wp-container-core-columns-is-layout-9d6595d7 wp-block-columns-is-layout-flex\">\n<div class=\"wp-block-column is-layout-flow wp-block-column-is-layout-flow\">\n<figure data-wp-context=\"{&quot;imageId&quot;:&quot;69e0d4586882b&quot;}\" data-wp-interactive=\"core\/image\" data-wp-key=\"69e0d4586882b\" class=\"wp-block-image size-large is-resized wp-lightbox-container\"><img loading=\"lazy\" decoding=\"async\" width=\"730\" height=\"1024\" data-wp-class--hide=\"state.isContentHidden\" data-wp-class--show=\"state.isContentVisible\" data-wp-init=\"callbacks.setButtonStyles\" data-wp-on--click=\"actions.showLightbox\" data-wp-on--load=\"callbacks.setButtonStyles\" data-wp-on-window--resize=\"callbacks.setButtonStyles\" src=\"https:\/\/cynyem.com\/wp-content\/uploads\/2025\/03\/IMG_20250113_221724-730x1024.jpg\" alt=\"\" class=\"wp-image-842\" style=\"width:124px;height:auto\" srcset=\"https:\/\/cynyem.com\/wp-content\/uploads\/2025\/03\/IMG_20250113_221724-730x1024.jpg 730w, https:\/\/cynyem.com\/wp-content\/uploads\/2025\/03\/IMG_20250113_221724-214x300.jpg 214w, https:\/\/cynyem.com\/wp-content\/uploads\/2025\/03\/IMG_20250113_221724-768x1077.jpg 768w, https:\/\/cynyem.com\/wp-content\/uploads\/2025\/03\/IMG_20250113_221724-1095x1536.jpg 1095w, https:\/\/cynyem.com\/wp-content\/uploads\/2025\/03\/IMG_20250113_221724-1461x2048.jpg 1461w, https:\/\/cynyem.com\/wp-content\/uploads\/2025\/03\/IMG_20250113_221724.jpg 1800w\" sizes=\"auto, (max-width: 730px) 100vw, 730px\" \/><button\n\t\t\tclass=\"lightbox-trigger\"\n\t\t\ttype=\"button\"\n\t\t\taria-haspopup=\"dialog\"\n\t\t\taria-label=\"Agrandir\"\n\t\t\tdata-wp-init=\"callbacks.initTriggerButton\"\n\t\t\tdata-wp-on--click=\"actions.showLightbox\"\n\t\t\tdata-wp-style--right=\"state.imageButtonRight\"\n\t\t\tdata-wp-style--top=\"state.imageButtonTop\"\n\t\t>\n\t\t\t<svg xmlns=\"http:\/\/www.w3.org\/2000\/svg\" width=\"12\" height=\"12\" fill=\"none\" viewBox=\"0 0 12 12\">\n\t\t\t\t<path fill=\"#fff\" d=\"M2 0a2 2 0 0 0-2 2v2h1.5V2a.5.5 0 0 1 .5-.5h2V0H2Zm2 10.5H2a.5.5 0 0 1-.5-.5V8H0v2a2 2 0 0 0 2 2h2v-1.5ZM8 12v-1.5h2a.5.5 0 0 0 .5-.5V8H12v2a2 2 0 0 1-2 2H8Zm2-12a2 2 0 0 1 2 2v2h-1.5V2a.5.5 0 0 0-.5-.5H8V0h2Z\" \/>\n\t\t\t<\/svg>\n\t\t<\/button><\/figure>\n<\/div>\n\n\n\n<div class=\"wp-block-column is-layout-flow wp-block-column-is-layout-flow\">\n<figure data-wp-context=\"{&quot;imageId&quot;:&quot;69e0d4586909b&quot;}\" data-wp-interactive=\"core\/image\" data-wp-key=\"69e0d4586909b\" class=\"wp-block-image size-large is-resized wp-lightbox-container\"><img loading=\"lazy\" decoding=\"async\" width=\"637\" height=\"1024\" data-wp-class--hide=\"state.isContentHidden\" data-wp-class--show=\"state.isContentVisible\" data-wp-init=\"callbacks.setButtonStyles\" data-wp-on--click=\"actions.showLightbox\" data-wp-on--load=\"callbacks.setButtonStyles\" data-wp-on-window--resize=\"callbacks.setButtonStyles\" src=\"https:\/\/cynyem.com\/wp-content\/uploads\/2025\/03\/IMG_20250113_221835-637x1024.jpg\" alt=\"\" class=\"wp-image-843\" style=\"width:109px;height:auto\" srcset=\"https:\/\/cynyem.com\/wp-content\/uploads\/2025\/03\/IMG_20250113_221835-637x1024.jpg 637w, https:\/\/cynyem.com\/wp-content\/uploads\/2025\/03\/IMG_20250113_221835-187x300.jpg 187w, https:\/\/cynyem.com\/wp-content\/uploads\/2025\/03\/IMG_20250113_221835-768x1234.jpg 768w, https:\/\/cynyem.com\/wp-content\/uploads\/2025\/03\/IMG_20250113_221835-956x1536.jpg 956w, https:\/\/cynyem.com\/wp-content\/uploads\/2025\/03\/IMG_20250113_221835-1275x2048.jpg 1275w, https:\/\/cynyem.com\/wp-content\/uploads\/2025\/03\/IMG_20250113_221835-scaled.jpg 1593w\" sizes=\"auto, (max-width: 637px) 100vw, 637px\" \/><button\n\t\t\tclass=\"lightbox-trigger\"\n\t\t\ttype=\"button\"\n\t\t\taria-haspopup=\"dialog\"\n\t\t\taria-label=\"Agrandir\"\n\t\t\tdata-wp-init=\"callbacks.initTriggerButton\"\n\t\t\tdata-wp-on--click=\"actions.showLightbox\"\n\t\t\tdata-wp-style--right=\"state.imageButtonRight\"\n\t\t\tdata-wp-style--top=\"state.imageButtonTop\"\n\t\t>\n\t\t\t<svg xmlns=\"http:\/\/www.w3.org\/2000\/svg\" width=\"12\" height=\"12\" fill=\"none\" viewBox=\"0 0 12 12\">\n\t\t\t\t<path fill=\"#fff\" d=\"M2 0a2 2 0 0 0-2 2v2h1.5V2a.5.5 0 0 1 .5-.5h2V0H2Zm2 10.5H2a.5.5 0 0 1-.5-.5V8H0v2a2 2 0 0 0 2 2h2v-1.5ZM8 12v-1.5h2a.5.5 0 0 0 .5-.5V8H12v2a2 2 0 0 1-2 2H8Zm2-12a2 2 0 0 1 2 2v2h-1.5V2a.5.5 0 0 0-.5-.5H8V0h2Z\" \/>\n\t\t\t<\/svg>\n\t\t<\/button><\/figure>\n<\/div>\n\n\n\n<div class=\"wp-block-column is-layout-flow wp-block-column-is-layout-flow\">\n<figure data-wp-context=\"{&quot;imageId&quot;:&quot;69e0d45869545&quot;}\" data-wp-interactive=\"core\/image\" data-wp-key=\"69e0d45869545\" class=\"wp-block-image size-large is-resized wp-lightbox-container\"><img loading=\"lazy\" decoding=\"async\" width=\"619\" height=\"1024\" data-wp-class--hide=\"state.isContentHidden\" data-wp-class--show=\"state.isContentVisible\" data-wp-init=\"callbacks.setButtonStyles\" data-wp-on--click=\"actions.showLightbox\" data-wp-on--load=\"callbacks.setButtonStyles\" data-wp-on-window--resize=\"callbacks.setButtonStyles\" src=\"https:\/\/cynyem.com\/wp-content\/uploads\/2025\/03\/IMG_20250113_222030-619x1024.jpg\" alt=\"\" class=\"wp-image-844\" style=\"width:105px;height:auto\" srcset=\"https:\/\/cynyem.com\/wp-content\/uploads\/2025\/03\/IMG_20250113_222030-619x1024.jpg 619w, https:\/\/cynyem.com\/wp-content\/uploads\/2025\/03\/IMG_20250113_222030-181x300.jpg 181w, https:\/\/cynyem.com\/wp-content\/uploads\/2025\/03\/IMG_20250113_222030-768x1270.jpg 768w, https:\/\/cynyem.com\/wp-content\/uploads\/2025\/03\/IMG_20250113_222030-929x1536.jpg 929w, https:\/\/cynyem.com\/wp-content\/uploads\/2025\/03\/IMG_20250113_222030-1239x2048.jpg 1239w, https:\/\/cynyem.com\/wp-content\/uploads\/2025\/03\/IMG_20250113_222030-scaled.jpg 1548w\" sizes=\"auto, (max-width: 619px) 100vw, 619px\" \/><button\n\t\t\tclass=\"lightbox-trigger\"\n\t\t\ttype=\"button\"\n\t\t\taria-haspopup=\"dialog\"\n\t\t\taria-label=\"Agrandir\"\n\t\t\tdata-wp-init=\"callbacks.initTriggerButton\"\n\t\t\tdata-wp-on--click=\"actions.showLightbox\"\n\t\t\tdata-wp-style--right=\"state.imageButtonRight\"\n\t\t\tdata-wp-style--top=\"state.imageButtonTop\"\n\t\t>\n\t\t\t<svg xmlns=\"http:\/\/www.w3.org\/2000\/svg\" width=\"12\" height=\"12\" fill=\"none\" viewBox=\"0 0 12 12\">\n\t\t\t\t<path fill=\"#fff\" d=\"M2 0a2 2 0 0 0-2 2v2h1.5V2a.5.5 0 0 1 .5-.5h2V0H2Zm2 10.5H2a.5.5 0 0 1-.5-.5V8H0v2a2 2 0 0 0 2 2h2v-1.5ZM8 12v-1.5h2a.5.5 0 0 0 .5-.5V8H12v2a2 2 0 0 1-2 2H8Zm2-12a2 2 0 0 1 2 2v2h-1.5V2a.5.5 0 0 0-.5-.5H8V0h2Z\" \/>\n\t\t\t<\/svg>\n\t\t<\/button><\/figure>\n<\/div>\n<\/div>\n\n\n\n<p>\u00ab\u00a0Il y a des signes qui ne trompent pas!\u00a0\u00bb Ce set de mugs c\u0153ur est un v\u00e9ritable hymne \u00e0 l&rsquo;amour&#8230; Id\u00e9al pour passer un tendre moment en t\u00eate \u00e0 t\u00eate autour d&rsquo;une boisson chaude : une tasse pour chacun ou chacune&nbsp;!<\/p>\n\n\n\n<p>Set de 2 mugs  c\u0153ur, signe \u00ab\u00a0I love you\u00a0\u00bb dessin fait \u00e0 la main. En c\u00e9ramique, contenance de chaque tasse 25 cl.<\/p>\n\n\n\n<h2 class=\"wp-block-heading has-black-color has-text-color has-link-color wp-elements-7bdf3d7674e9f735a1cd9e4458478032\"><strong>19,50 euros<\/strong><\/h2>\n\n\n\n<p>Livraison la poste gratuite<\/p>\n\n\n<form action=\"https:\/\/www.paypal.com\/cgi-bin\/webscr\" method=\"post\" target=\"_blank\">\n  <input type=\"hidden\" name=\"cmd\" value=\"_s-xclick\" \/><br \/>\n  <input type=\"hidden\" name=\"hosted_button_id\" value=\"TVD5LXFJLQU6W\" \/><br \/>\n  <input type=\"hidden\" name=\"currency_code\" value=\"EUR\" \/><br \/>\n  <input type=\"image\" src=\"https:\/\/cynyem.com\/wp-content\/uploads\/2024\/07\/acheter-cynyemcom-1.jpg\" border=\"0\" name=\"submit\" title=\"PayPal, votre r\u00e9flexe s\u00e9curit\u00e9 pour payer en ligne.\" alt=\"Ajouter au panier\" \/><br \/>\n<\/form>\n\n\n\n<p><\/p>\n","protected":false},"excerpt":{"rendered":"<p>\u00ab\u00a0Il y a des signes qui ne trompent pas!\u00a0\u00bb Ce set de mugs c\u0153ur est un v\u00e9ritable hymne \u00e0 l&rsquo;amour&#8230; Id\u00e9al pour passer un tendre moment en t\u00eate \u00e0 t\u00eate autour d&rsquo;une boisson chaude : une tasse pour chacun ou chacune&nbsp;! Set de 2 mugs c\u0153ur, signe \u00ab\u00a0I love you\u00a0\u00bb dessin fait \u00e0 la main. &hellip; <\/p>\n<p class=\"link-more\"><a href=\"https:\/\/cynyem.com\/index.php\/tasse-love-signe\/\" class=\"more-link\">Continuer la lecture<span class=\"screen-reader-text\"> de &laquo;&nbsp;Tasse Love signe&nbsp;&raquo;<\/span><\/a><\/p>\n","protected":false},"author":1,"featured_media":0,"parent":0,"menu_order":0,"comment_status":"closed","ping_status":"closed","template":"","meta":{"_glsr_average":0,"_glsr_ranking":0,"_glsr_reviews":0,"footnotes":""},"class_list":["post-839","page","type-page","status-publish","hentry"],"_links":{"self":[{"href":"https:\/\/cynyem.com\/index.php\/wp-json\/wp\/v2\/pages\/839","targetHints":{"allow":["GET"]}}],"collection":[{"href":"https:\/\/cynyem.com\/index.php\/wp-json\/wp\/v2\/pages"}],"about":[{"href":"https:\/\/cynyem.com\/index.php\/wp-json\/wp\/v2\/types\/page"}],"author":[{"embeddable":true,"href":"https:\/\/cynyem.com\/index.php\/wp-json\/wp\/v2\/users\/1"}],"replies":[{"embeddable":true,"href":"https:\/\/cynyem.com\/index.php\/wp-json\/wp\/v2\/comments?post=839"}],"version-history":[{"count":4,"href":"https:\/\/cynyem.com\/index.php\/wp-json\/wp\/v2\/pages\/839\/revisions"}],"predecessor-version":[{"id":902,"href":"https:\/\/cynyem.com\/index.php\/wp-json\/wp\/v2\/pages\/839\/revisions\/902"}],"wp:attachment":[{"href":"https:\/\/cynyem.com\/index.php\/wp-json\/wp\/v2\/media?parent=839"}],"curies":[{"name":"wp","href":"https:\/\/api.w.org\/{rel}","templated":true}]}}