{"id":802,"date":"2025-03-09T22:16:19","date_gmt":"2025-03-09T21:16:19","guid":{"rendered":"https:\/\/cynyem.com\/?page_id=802"},"modified":"2026-03-01T20:19:12","modified_gmt":"2026-03-01T19:19:12","slug":"chouchou-en-soie-du-cambodge","status":"publish","type":"page","link":"https:\/\/cynyem.com\/index.php\/chouchou-en-soie-du-cambodge\/","title":{"rendered":"Chouchou en soie du Cambodge"},"content":{"rendered":"\n<figure data-wp-context=\"{&quot;imageId&quot;:&quot;69e0fddc123ac&quot;}\" data-wp-interactive=\"core\/image\" data-wp-key=\"69e0fddc123ac\" class=\"wp-block-image size-large wp-lightbox-container\"><img loading=\"lazy\" decoding=\"async\" width=\"1024\" height=\"576\" data-wp-class--hide=\"state.isContentHidden\" data-wp-class--show=\"state.isContentVisible\" data-wp-init=\"callbacks.setButtonStyles\" data-wp-on--click=\"actions.showLightbox\" data-wp-on--load=\"callbacks.setButtonStyles\" data-wp-on-window--resize=\"callbacks.setButtonStyles\" src=\"https:\/\/cynyem.com\/wp-content\/uploads\/2025\/03\/1000023410-1024x576.jpg\" alt=\"\" class=\"wp-image-708\" srcset=\"https:\/\/cynyem.com\/wp-content\/uploads\/2025\/03\/1000023410-1024x576.jpg 1024w, https:\/\/cynyem.com\/wp-content\/uploads\/2025\/03\/1000023410-300x169.jpg 300w, https:\/\/cynyem.com\/wp-content\/uploads\/2025\/03\/1000023410-768x432.jpg 768w, https:\/\/cynyem.com\/wp-content\/uploads\/2025\/03\/1000023410-1536x864.jpg 1536w, https:\/\/cynyem.com\/wp-content\/uploads\/2025\/03\/1000023410.jpg 2000w\" sizes=\"auto, (max-width: 767px) 89vw, (max-width: 1000px) 54vw, (max-width: 1071px) 543px, 580px\" \/><button\n\t\t\tclass=\"lightbox-trigger\"\n\t\t\ttype=\"button\"\n\t\t\taria-haspopup=\"dialog\"\n\t\t\taria-label=\"Agrandir\"\n\t\t\tdata-wp-init=\"callbacks.initTriggerButton\"\n\t\t\tdata-wp-on--click=\"actions.showLightbox\"\n\t\t\tdata-wp-style--right=\"state.imageButtonRight\"\n\t\t\tdata-wp-style--top=\"state.imageButtonTop\"\n\t\t>\n\t\t\t<svg xmlns=\"http:\/\/www.w3.org\/2000\/svg\" width=\"12\" height=\"12\" fill=\"none\" viewBox=\"0 0 12 12\">\n\t\t\t\t<path fill=\"#fff\" d=\"M2 0a2 2 0 0 0-2 2v2h1.5V2a.5.5 0 0 1 .5-.5h2V0H2Zm2 10.5H2a.5.5 0 0 1-.5-.5V8H0v2a2 2 0 0 0 2 2h2v-1.5ZM8 12v-1.5h2a.5.5 0 0 0 .5-.5V8H12v2a2 2 0 0 1-2 2H8Zm2-12a2 2 0 0 1 2 2v2h-1.5V2a.5.5 0 0 0-.5-.5H8V0h2Z\" \/>\n\t\t\t<\/svg>\n\t\t<\/button><\/figure>\n\n\n\n<div class=\"wp-block-columns is-layout-flex wp-container-core-columns-is-layout-9d6595d7 wp-block-columns-is-layout-flex\">\n<div class=\"wp-block-column is-layout-flow wp-block-column-is-layout-flow\">\n<figure data-wp-context=\"{&quot;imageId&quot;:&quot;69e0fddc12903&quot;}\" data-wp-interactive=\"core\/image\" data-wp-key=\"69e0fddc12903\" class=\"wp-block-image size-large is-resized wp-lightbox-container\"><img loading=\"lazy\" decoding=\"async\" width=\"777\" height=\"1024\" data-wp-class--hide=\"state.isContentHidden\" data-wp-class--show=\"state.isContentVisible\" data-wp-init=\"callbacks.setButtonStyles\" data-wp-on--click=\"actions.showLightbox\" data-wp-on--load=\"callbacks.setButtonStyles\" data-wp-on-window--resize=\"callbacks.setButtonStyles\" src=\"https:\/\/cynyem.com\/wp-content\/uploads\/2026\/03\/IMG_20260126_120024-777x1024.jpg\" alt=\"\" class=\"wp-image-1130\" style=\"width:102px;height:auto\" srcset=\"https:\/\/cynyem.com\/wp-content\/uploads\/2026\/03\/IMG_20260126_120024-777x1024.jpg 777w, https:\/\/cynyem.com\/wp-content\/uploads\/2026\/03\/IMG_20260126_120024-228x300.jpg 228w, https:\/\/cynyem.com\/wp-content\/uploads\/2026\/03\/IMG_20260126_120024-768x1012.jpg 768w, https:\/\/cynyem.com\/wp-content\/uploads\/2026\/03\/IMG_20260126_120024-1166x1536.jpg 1166w, https:\/\/cynyem.com\/wp-content\/uploads\/2026\/03\/IMG_20260126_120024-1555x2048.jpg 1555w, https:\/\/cynyem.com\/wp-content\/uploads\/2026\/03\/IMG_20260126_120024-scaled.jpg 1944w\" sizes=\"auto, (max-width: 767px) 89vw, (max-width: 1000px) 54vw, (max-width: 1071px) 543px, 580px\" \/><button\n\t\t\tclass=\"lightbox-trigger\"\n\t\t\ttype=\"button\"\n\t\t\taria-haspopup=\"dialog\"\n\t\t\taria-label=\"Agrandir\"\n\t\t\tdata-wp-init=\"callbacks.initTriggerButton\"\n\t\t\tdata-wp-on--click=\"actions.showLightbox\"\n\t\t\tdata-wp-style--right=\"state.imageButtonRight\"\n\t\t\tdata-wp-style--top=\"state.imageButtonTop\"\n\t\t>\n\t\t\t<svg xmlns=\"http:\/\/www.w3.org\/2000\/svg\" width=\"12\" height=\"12\" fill=\"none\" viewBox=\"0 0 12 12\">\n\t\t\t\t<path fill=\"#fff\" d=\"M2 0a2 2 0 0 0-2 2v2h1.5V2a.5.5 0 0 1 .5-.5h2V0H2Zm2 10.5H2a.5.5 0 0 1-.5-.5V8H0v2a2 2 0 0 0 2 2h2v-1.5ZM8 12v-1.5h2a.5.5 0 0 0 .5-.5V8H12v2a2 2 0 0 1-2 2H8Zm2-12a2 2 0 0 1 2 2v2h-1.5V2a.5.5 0 0 0-.5-.5H8V0h2Z\" \/>\n\t\t\t<\/svg>\n\t\t<\/button><figcaption class=\"wp-element-caption\">Dor\u00e9<\/figcaption><\/figure>\n<\/div>\n\n\n\n<div class=\"wp-block-column is-layout-flow wp-block-column-is-layout-flow\">\n<figure data-wp-context=\"{&quot;imageId&quot;:&quot;69e0fddc13024&quot;}\" data-wp-interactive=\"core\/image\" data-wp-key=\"69e0fddc13024\" class=\"wp-block-image size-large is-resized wp-lightbox-container\"><img loading=\"lazy\" decoding=\"async\" width=\"743\" height=\"1024\" data-wp-class--hide=\"state.isContentHidden\" data-wp-class--show=\"state.isContentVisible\" data-wp-init=\"callbacks.setButtonStyles\" data-wp-on--click=\"actions.showLightbox\" data-wp-on--load=\"callbacks.setButtonStyles\" data-wp-on-window--resize=\"callbacks.setButtonStyles\" src=\"https:\/\/cynyem.com\/wp-content\/uploads\/2025\/03\/IMG_20241020_212955-743x1024.jpg\" alt=\"\" class=\"wp-image-804\" style=\"width:104px;height:auto\" srcset=\"https:\/\/cynyem.com\/wp-content\/uploads\/2025\/03\/IMG_20241020_212955-743x1024.jpg 743w, https:\/\/cynyem.com\/wp-content\/uploads\/2025\/03\/IMG_20241020_212955-218x300.jpg 218w, https:\/\/cynyem.com\/wp-content\/uploads\/2025\/03\/IMG_20241020_212955-768x1059.jpg 768w, https:\/\/cynyem.com\/wp-content\/uploads\/2025\/03\/IMG_20241020_212955-1114x1536.jpg 1114w, https:\/\/cynyem.com\/wp-content\/uploads\/2025\/03\/IMG_20241020_212955-1486x2048.jpg 1486w, https:\/\/cynyem.com\/wp-content\/uploads\/2025\/03\/IMG_20241020_212955.jpg 1800w\" sizes=\"auto, (max-width: 706px) 89vw, (max-width: 767px) 82vw, 740px\" \/><button\n\t\t\tclass=\"lightbox-trigger\"\n\t\t\ttype=\"button\"\n\t\t\taria-haspopup=\"dialog\"\n\t\t\taria-label=\"Agrandir\"\n\t\t\tdata-wp-init=\"callbacks.initTriggerButton\"\n\t\t\tdata-wp-on--click=\"actions.showLightbox\"\n\t\t\tdata-wp-style--right=\"state.imageButtonRight\"\n\t\t\tdata-wp-style--top=\"state.imageButtonTop\"\n\t\t>\n\t\t\t<svg xmlns=\"http:\/\/www.w3.org\/2000\/svg\" width=\"12\" height=\"12\" fill=\"none\" viewBox=\"0 0 12 12\">\n\t\t\t\t<path fill=\"#fff\" d=\"M2 0a2 2 0 0 0-2 2v2h1.5V2a.5.5 0 0 1 .5-.5h2V0H2Zm2 10.5H2a.5.5 0 0 1-.5-.5V8H0v2a2 2 0 0 0 2 2h2v-1.5ZM8 12v-1.5h2a.5.5 0 0 0 .5-.5V8H12v2a2 2 0 0 1-2 2H8Zm2-12a2 2 0 0 1 2 2v2h-1.5V2a.5.5 0 0 0-.5-.5H8V0h2Z\" \/>\n\t\t\t<\/svg>\n\t\t<\/button><figcaption class=\"wp-element-caption\">Orange<\/figcaption><\/figure>\n<\/div>\n\n\n\n<div class=\"wp-block-column is-layout-flow wp-block-column-is-layout-flow\">\n<figure data-wp-context=\"{&quot;imageId&quot;:&quot;69e0fddc133e0&quot;}\" data-wp-interactive=\"core\/image\" data-wp-key=\"69e0fddc133e0\" class=\"wp-block-image size-large is-resized wp-lightbox-container\"><img loading=\"lazy\" decoding=\"async\" width=\"726\" height=\"1024\" data-wp-class--hide=\"state.isContentHidden\" data-wp-class--show=\"state.isContentVisible\" data-wp-init=\"callbacks.setButtonStyles\" data-wp-on--click=\"actions.showLightbox\" data-wp-on--load=\"callbacks.setButtonStyles\" data-wp-on-window--resize=\"callbacks.setButtonStyles\" src=\"https:\/\/cynyem.com\/wp-content\/uploads\/2026\/03\/IMG_20260126_115838-726x1024.jpg\" alt=\"\" class=\"wp-image-1131\" style=\"width:101px;height:auto\" srcset=\"https:\/\/cynyem.com\/wp-content\/uploads\/2026\/03\/IMG_20260126_115838-726x1024.jpg 726w, https:\/\/cynyem.com\/wp-content\/uploads\/2026\/03\/IMG_20260126_115838-213x300.jpg 213w, https:\/\/cynyem.com\/wp-content\/uploads\/2026\/03\/IMG_20260126_115838-768x1083.jpg 768w, https:\/\/cynyem.com\/wp-content\/uploads\/2026\/03\/IMG_20260126_115838-1089x1536.jpg 1089w, https:\/\/cynyem.com\/wp-content\/uploads\/2026\/03\/IMG_20260126_115838-1452x2048.jpg 1452w, https:\/\/cynyem.com\/wp-content\/uploads\/2026\/03\/IMG_20260126_115838-scaled.jpg 1815w\" sizes=\"auto, (max-width: 726px) 100vw, 726px\" \/><button\n\t\t\tclass=\"lightbox-trigger\"\n\t\t\ttype=\"button\"\n\t\t\taria-haspopup=\"dialog\"\n\t\t\taria-label=\"Agrandir\"\n\t\t\tdata-wp-init=\"callbacks.initTriggerButton\"\n\t\t\tdata-wp-on--click=\"actions.showLightbox\"\n\t\t\tdata-wp-style--right=\"state.imageButtonRight\"\n\t\t\tdata-wp-style--top=\"state.imageButtonTop\"\n\t\t>\n\t\t\t<svg xmlns=\"http:\/\/www.w3.org\/2000\/svg\" width=\"12\" height=\"12\" fill=\"none\" viewBox=\"0 0 12 12\">\n\t\t\t\t<path fill=\"#fff\" d=\"M2 0a2 2 0 0 0-2 2v2h1.5V2a.5.5 0 0 1 .5-.5h2V0H2Zm2 10.5H2a.5.5 0 0 1-.5-.5V8H0v2a2 2 0 0 0 2 2h2v-1.5ZM8 12v-1.5h2a.5.5 0 0 0 .5-.5V8H12v2a2 2 0 0 1-2 2H8Zm2-12a2 2 0 0 1 2 2v2h-1.5V2a.5.5 0 0 0-.5-.5H8V0h2Z\" \/>\n\t\t\t<\/svg>\n\t\t<\/button><figcaption class=\"wp-element-caption\">violet<\/figcaption><\/figure>\n<\/div>\n<\/div>\n\n\n\n<div class=\"wp-block-columns is-layout-flex wp-container-core-columns-is-layout-9d6595d7 wp-block-columns-is-layout-flex\">\n<div class=\"wp-block-column is-layout-flow wp-block-column-is-layout-flow\">\n<figure data-wp-context=\"{&quot;imageId&quot;:&quot;69e0fddc138d8&quot;}\" data-wp-interactive=\"core\/image\" data-wp-key=\"69e0fddc138d8\" class=\"wp-block-image size-large is-resized wp-lightbox-container\"><img loading=\"lazy\" decoding=\"async\" width=\"778\" height=\"1024\" data-wp-class--hide=\"state.isContentHidden\" data-wp-class--show=\"state.isContentVisible\" data-wp-init=\"callbacks.setButtonStyles\" data-wp-on--click=\"actions.showLightbox\" data-wp-on--load=\"callbacks.setButtonStyles\" data-wp-on-window--resize=\"callbacks.setButtonStyles\" src=\"https:\/\/cynyem.com\/wp-content\/uploads\/2026\/03\/IMG_20260126_115946-778x1024.jpg\" alt=\"\" class=\"wp-image-1127\" style=\"width:100px;height:auto\" srcset=\"https:\/\/cynyem.com\/wp-content\/uploads\/2026\/03\/IMG_20260126_115946-778x1024.jpg 778w, https:\/\/cynyem.com\/wp-content\/uploads\/2026\/03\/IMG_20260126_115946-228x300.jpg 228w, https:\/\/cynyem.com\/wp-content\/uploads\/2026\/03\/IMG_20260126_115946-768x1011.jpg 768w, https:\/\/cynyem.com\/wp-content\/uploads\/2026\/03\/IMG_20260126_115946-1167x1536.jpg 1167w, https:\/\/cynyem.com\/wp-content\/uploads\/2026\/03\/IMG_20260126_115946-1556x2048.jpg 1556w, https:\/\/cynyem.com\/wp-content\/uploads\/2026\/03\/IMG_20260126_115946-scaled.jpg 1945w\" sizes=\"auto, (max-width: 767px) 89vw, (max-width: 1000px) 54vw, (max-width: 1071px) 543px, 580px\" \/><button\n\t\t\tclass=\"lightbox-trigger\"\n\t\t\ttype=\"button\"\n\t\t\taria-haspopup=\"dialog\"\n\t\t\taria-label=\"Agrandir\"\n\t\t\tdata-wp-init=\"callbacks.initTriggerButton\"\n\t\t\tdata-wp-on--click=\"actions.showLightbox\"\n\t\t\tdata-wp-style--right=\"state.imageButtonRight\"\n\t\t\tdata-wp-style--top=\"state.imageButtonTop\"\n\t\t>\n\t\t\t<svg xmlns=\"http:\/\/www.w3.org\/2000\/svg\" width=\"12\" height=\"12\" fill=\"none\" viewBox=\"0 0 12 12\">\n\t\t\t\t<path fill=\"#fff\" d=\"M2 0a2 2 0 0 0-2 2v2h1.5V2a.5.5 0 0 1 .5-.5h2V0H2Zm2 10.5H2a.5.5 0 0 1-.5-.5V8H0v2a2 2 0 0 0 2 2h2v-1.5ZM8 12v-1.5h2a.5.5 0 0 0 .5-.5V8H12v2a2 2 0 0 1-2 2H8Zm2-12a2 2 0 0 1 2 2v2h-1.5V2a.5.5 0 0 0-.5-.5H8V0h2Z\" \/>\n\t\t\t<\/svg>\n\t\t<\/button><figcaption class=\"wp-element-caption\">Marron fonc\u00e9<\/figcaption><\/figure>\n<\/div>\n\n\n\n<div class=\"wp-block-column is-layout-flow wp-block-column-is-layout-flow\">\n<figure data-wp-context=\"{&quot;imageId&quot;:&quot;69e0fddc13ce7&quot;}\" data-wp-interactive=\"core\/image\" data-wp-key=\"69e0fddc13ce7\" class=\"wp-block-image size-large is-resized wp-lightbox-container\"><img loading=\"lazy\" decoding=\"async\" width=\"714\" height=\"1024\" data-wp-class--hide=\"state.isContentHidden\" data-wp-class--show=\"state.isContentVisible\" data-wp-init=\"callbacks.setButtonStyles\" data-wp-on--click=\"actions.showLightbox\" data-wp-on--load=\"callbacks.setButtonStyles\" data-wp-on-window--resize=\"callbacks.setButtonStyles\" src=\"https:\/\/cynyem.com\/wp-content\/uploads\/2025\/03\/IMG_20241020_213941-714x1024.jpg\" alt=\"\" class=\"wp-image-808\" style=\"width:103px;height:auto\" srcset=\"https:\/\/cynyem.com\/wp-content\/uploads\/2025\/03\/IMG_20241020_213941-714x1024.jpg 714w, https:\/\/cynyem.com\/wp-content\/uploads\/2025\/03\/IMG_20241020_213941-209x300.jpg 209w, https:\/\/cynyem.com\/wp-content\/uploads\/2025\/03\/IMG_20241020_213941-768x1101.jpg 768w, https:\/\/cynyem.com\/wp-content\/uploads\/2025\/03\/IMG_20241020_213941-1071x1536.jpg 1071w, https:\/\/cynyem.com\/wp-content\/uploads\/2025\/03\/IMG_20241020_213941-1428x2048.jpg 1428w, https:\/\/cynyem.com\/wp-content\/uploads\/2025\/03\/IMG_20241020_213941-scaled.jpg 1785w\" sizes=\"auto, (max-width: 714px) 100vw, 714px\" \/><button\n\t\t\tclass=\"lightbox-trigger\"\n\t\t\ttype=\"button\"\n\t\t\taria-haspopup=\"dialog\"\n\t\t\taria-label=\"Agrandir\"\n\t\t\tdata-wp-init=\"callbacks.initTriggerButton\"\n\t\t\tdata-wp-on--click=\"actions.showLightbox\"\n\t\t\tdata-wp-style--right=\"state.imageButtonRight\"\n\t\t\tdata-wp-style--top=\"state.imageButtonTop\"\n\t\t>\n\t\t\t<svg xmlns=\"http:\/\/www.w3.org\/2000\/svg\" width=\"12\" height=\"12\" fill=\"none\" viewBox=\"0 0 12 12\">\n\t\t\t\t<path fill=\"#fff\" d=\"M2 0a2 2 0 0 0-2 2v2h1.5V2a.5.5 0 0 1 .5-.5h2V0H2Zm2 10.5H2a.5.5 0 0 1-.5-.5V8H0v2a2 2 0 0 0 2 2h2v-1.5ZM8 12v-1.5h2a.5.5 0 0 0 .5-.5V8H12v2a2 2 0 0 1-2 2H8Zm2-12a2 2 0 0 1 2 2v2h-1.5V2a.5.5 0 0 0-.5-.5H8V0h2Z\" \/>\n\t\t\t<\/svg>\n\t\t<\/button><figcaption class=\"wp-element-caption\">Fushia<\/figcaption><\/figure>\n<\/div>\n\n\n\n<div class=\"wp-block-column is-layout-flow wp-block-column-is-layout-flow\">\n<figure data-wp-context=\"{&quot;imageId&quot;:&quot;69e0fddc140b2&quot;}\" data-wp-interactive=\"core\/image\" data-wp-key=\"69e0fddc140b2\" class=\"wp-block-image size-large is-resized wp-lightbox-container\"><img loading=\"lazy\" decoding=\"async\" width=\"776\" height=\"1024\" data-wp-class--hide=\"state.isContentHidden\" data-wp-class--show=\"state.isContentVisible\" data-wp-init=\"callbacks.setButtonStyles\" data-wp-on--click=\"actions.showLightbox\" data-wp-on--load=\"callbacks.setButtonStyles\" data-wp-on-window--resize=\"callbacks.setButtonStyles\" src=\"https:\/\/cynyem.com\/wp-content\/uploads\/2026\/03\/IMG_20260126_120042-776x1024.jpg\" alt=\"\" class=\"wp-image-1129\" style=\"width:104px;height:auto\" srcset=\"https:\/\/cynyem.com\/wp-content\/uploads\/2026\/03\/IMG_20260126_120042-776x1024.jpg 776w, https:\/\/cynyem.com\/wp-content\/uploads\/2026\/03\/IMG_20260126_120042-227x300.jpg 227w, https:\/\/cynyem.com\/wp-content\/uploads\/2026\/03\/IMG_20260126_120042-768x1014.jpg 768w, https:\/\/cynyem.com\/wp-content\/uploads\/2026\/03\/IMG_20260126_120042-1163x1536.jpg 1163w, https:\/\/cynyem.com\/wp-content\/uploads\/2026\/03\/IMG_20260126_120042-1551x2048.jpg 1551w, https:\/\/cynyem.com\/wp-content\/uploads\/2026\/03\/IMG_20260126_120042-scaled.jpg 1939w\" sizes=\"auto, (max-width: 767px) 89vw, (max-width: 1000px) 54vw, (max-width: 1071px) 543px, 580px\" \/><button\n\t\t\tclass=\"lightbox-trigger\"\n\t\t\ttype=\"button\"\n\t\t\taria-haspopup=\"dialog\"\n\t\t\taria-label=\"Agrandir\"\n\t\t\tdata-wp-init=\"callbacks.initTriggerButton\"\n\t\t\tdata-wp-on--click=\"actions.showLightbox\"\n\t\t\tdata-wp-style--right=\"state.imageButtonRight\"\n\t\t\tdata-wp-style--top=\"state.imageButtonTop\"\n\t\t>\n\t\t\t<svg xmlns=\"http:\/\/www.w3.org\/2000\/svg\" width=\"12\" height=\"12\" fill=\"none\" viewBox=\"0 0 12 12\">\n\t\t\t\t<path fill=\"#fff\" d=\"M2 0a2 2 0 0 0-2 2v2h1.5V2a.5.5 0 0 1 .5-.5h2V0H2Zm2 10.5H2a.5.5 0 0 1-.5-.5V8H0v2a2 2 0 0 0 2 2h2v-1.5ZM8 12v-1.5h2a.5.5 0 0 0 .5-.5V8H12v2a2 2 0 0 1-2 2H8Zm2-12a2 2 0 0 1 2 2v2h-1.5V2a.5.5 0 0 0-.5-.5H8V0h2Z\" \/>\n\t\t\t<\/svg>\n\t\t<\/button><figcaption class=\"wp-element-caption\">Vert<\/figcaption><\/figure>\n<\/div>\n<\/div>\n\n\n\n<div class=\"wp-block-columns is-layout-flex wp-container-core-columns-is-layout-9d6595d7 wp-block-columns-is-layout-flex\">\n<div class=\"wp-block-column is-layout-flow wp-block-column-is-layout-flow\">\n<figure data-wp-context=\"{&quot;imageId&quot;:&quot;69e0fddc14501&quot;}\" data-wp-interactive=\"core\/image\" data-wp-key=\"69e0fddc14501\" class=\"wp-block-image size-large is-resized wp-lightbox-container\"><img loading=\"lazy\" decoding=\"async\" width=\"750\" height=\"1024\" data-wp-class--hide=\"state.isContentHidden\" data-wp-class--show=\"state.isContentVisible\" data-wp-init=\"callbacks.setButtonStyles\" data-wp-on--click=\"actions.showLightbox\" data-wp-on--load=\"callbacks.setButtonStyles\" data-wp-on-window--resize=\"callbacks.setButtonStyles\" src=\"https:\/\/cynyem.com\/wp-content\/uploads\/2025\/03\/IMG_20241020_212653-750x1024.jpg\" alt=\"\" class=\"wp-image-810\" style=\"width:100px;height:auto\" srcset=\"https:\/\/cynyem.com\/wp-content\/uploads\/2025\/03\/IMG_20241020_212653-750x1024.jpg 750w, https:\/\/cynyem.com\/wp-content\/uploads\/2025\/03\/IMG_20241020_212653-220x300.jpg 220w, https:\/\/cynyem.com\/wp-content\/uploads\/2025\/03\/IMG_20241020_212653-768x1048.jpg 768w, https:\/\/cynyem.com\/wp-content\/uploads\/2025\/03\/IMG_20241020_212653-1126x1536.jpg 1126w, https:\/\/cynyem.com\/wp-content\/uploads\/2025\/03\/IMG_20241020_212653-1501x2048.jpg 1501w, https:\/\/cynyem.com\/wp-content\/uploads\/2025\/03\/IMG_20241020_212653.jpg 1800w\" sizes=\"auto, (max-width: 706px) 89vw, (max-width: 767px) 82vw, 740px\" \/><button\n\t\t\tclass=\"lightbox-trigger\"\n\t\t\ttype=\"button\"\n\t\t\taria-haspopup=\"dialog\"\n\t\t\taria-label=\"Agrandir\"\n\t\t\tdata-wp-init=\"callbacks.initTriggerButton\"\n\t\t\tdata-wp-on--click=\"actions.showLightbox\"\n\t\t\tdata-wp-style--right=\"state.imageButtonRight\"\n\t\t\tdata-wp-style--top=\"state.imageButtonTop\"\n\t\t>\n\t\t\t<svg xmlns=\"http:\/\/www.w3.org\/2000\/svg\" width=\"12\" height=\"12\" fill=\"none\" viewBox=\"0 0 12 12\">\n\t\t\t\t<path fill=\"#fff\" d=\"M2 0a2 2 0 0 0-2 2v2h1.5V2a.5.5 0 0 1 .5-.5h2V0H2Zm2 10.5H2a.5.5 0 0 1-.5-.5V8H0v2a2 2 0 0 0 2 2h2v-1.5ZM8 12v-1.5h2a.5.5 0 0 0 .5-.5V8H12v2a2 2 0 0 1-2 2H8Zm2-12a2 2 0 0 1 2 2v2h-1.5V2a.5.5 0 0 0-.5-.5H8V0h2Z\" \/>\n\t\t\t<\/svg>\n\t\t<\/button><figcaption class=\"wp-element-caption\">Marron<\/figcaption><\/figure>\n<\/div>\n\n\n\n<div class=\"wp-block-column is-layout-flow wp-block-column-is-layout-flow\">\n<figure data-wp-context=\"{&quot;imageId&quot;:&quot;69e0fddc148eb&quot;}\" data-wp-interactive=\"core\/image\" data-wp-key=\"69e0fddc148eb\" class=\"wp-block-image size-large is-resized wp-lightbox-container\"><img loading=\"lazy\" decoding=\"async\" width=\"775\" height=\"1024\" data-wp-class--hide=\"state.isContentHidden\" data-wp-class--show=\"state.isContentVisible\" data-wp-init=\"callbacks.setButtonStyles\" data-wp-on--click=\"actions.showLightbox\" data-wp-on--load=\"callbacks.setButtonStyles\" data-wp-on-window--resize=\"callbacks.setButtonStyles\" src=\"https:\/\/cynyem.com\/wp-content\/uploads\/2026\/03\/IMG_20260126_115855-775x1024.jpg\" alt=\"\" class=\"wp-image-1132\" style=\"aspect-ratio:0.7568337792253111;width:107px;height:auto\" srcset=\"https:\/\/cynyem.com\/wp-content\/uploads\/2026\/03\/IMG_20260126_115855-775x1024.jpg 775w, https:\/\/cynyem.com\/wp-content\/uploads\/2026\/03\/IMG_20260126_115855-227x300.jpg 227w, https:\/\/cynyem.com\/wp-content\/uploads\/2026\/03\/IMG_20260126_115855-768x1015.jpg 768w, https:\/\/cynyem.com\/wp-content\/uploads\/2026\/03\/IMG_20260126_115855-1162x1536.jpg 1162w, https:\/\/cynyem.com\/wp-content\/uploads\/2026\/03\/IMG_20260126_115855-1549x2048.jpg 1549w, https:\/\/cynyem.com\/wp-content\/uploads\/2026\/03\/IMG_20260126_115855-scaled.jpg 1936w\" sizes=\"auto, (max-width: 767px) 89vw, (max-width: 1000px) 54vw, (max-width: 1071px) 543px, 580px\" \/><button\n\t\t\tclass=\"lightbox-trigger\"\n\t\t\ttype=\"button\"\n\t\t\taria-haspopup=\"dialog\"\n\t\t\taria-label=\"Agrandir\"\n\t\t\tdata-wp-init=\"callbacks.initTriggerButton\"\n\t\t\tdata-wp-on--click=\"actions.showLightbox\"\n\t\t\tdata-wp-style--right=\"state.imageButtonRight\"\n\t\t\tdata-wp-style--top=\"state.imageButtonTop\"\n\t\t>\n\t\t\t<svg xmlns=\"http:\/\/www.w3.org\/2000\/svg\" width=\"12\" height=\"12\" fill=\"none\" viewBox=\"0 0 12 12\">\n\t\t\t\t<path fill=\"#fff\" d=\"M2 0a2 2 0 0 0-2 2v2h1.5V2a.5.5 0 0 1 .5-.5h2V0H2Zm2 10.5H2a.5.5 0 0 1-.5-.5V8H0v2a2 2 0 0 0 2 2h2v-1.5ZM8 12v-1.5h2a.5.5 0 0 0 .5-.5V8H12v2a2 2 0 0 1-2 2H8Zm2-12a2 2 0 0 1 2 2v2h-1.5V2a.5.5 0 0 0-.5-.5H8V0h2Z\" \/>\n\t\t\t<\/svg>\n\t\t<\/button><figcaption class=\"wp-element-caption\">Vert fonc\u00e9<\/figcaption><\/figure>\n<\/div>\n\n\n\n<div class=\"wp-block-column is-layout-flow wp-block-column-is-layout-flow\"><\/div>\n<\/div>\n\n\n\n<p>Cet accessoire  capillaire raffin\u00e9 combine les bienfaits  protecteur de la soie \u00e0  un design sophistiqu\u00e9  et intemporel. Pr\u00e9servez  la beaut\u00e9  de vos cheveux tout en ajoutant une touche d&rsquo;\u00e9l\u00e9gance  \u00e0 votre coiffure. B\u00e9n\u00e9fices  capillaire : Minimise  la casse et les plis disgracieux. <\/p>\n\n\n\n<p>Entretien : Lavage \u00e0 la main d\u00e9licat, s\u00e9chage  a l&rsquo;air libre<\/p>\n\n\n\n<p>Mati\u00e8re : Soie du Cambodge <\/p>\n\n\n\n<p>Taille : Diam\u00e8tre  entre 10 et 12 cm <\/p>\n\n\n\n<h2 class=\"wp-block-heading has-black-color has-text-color has-link-color wp-elements-bee6bb1ab2e4704fd890d8b38c2a1ab6\"><strong>15<\/strong> <strong>euros<\/strong><\/h2>\n\n\n\n<p>Livraison la poste gratuite<\/p>\n\n\n<form action=\"https:\/\/www.paypal.com\/cgi-bin\/webscr\" method=\"post\" target=\"_blank\">\n  <input type=\"hidden\" name=\"cmd\" value=\"_s-xclick\" \/><br \/>\n  <input type=\"hidden\" name=\"hosted_button_id\" value=\"KG3SV5F8DJS9Q\" \/><\/p>\n<table>\n<tr>\n<td>\n        <input type=\"hidden\" name=\"on0\" value=\"couleurs \"\/><br \/>\n        couleurs\n      <\/td>\n<\/tr>\n<tr>\n<td>\n        <select name=\"os0\"><option value=\"Dor\u00e9\"><br \/>\n            Dor\u00e9<br \/>\n          <\/option><option value=\"Orange\"><br \/>\n            Orange<br \/>\n          <\/option><option value=\"Violet\"><br \/>\n            Violet<br \/>\n          <\/option><option value=\"Marron fonc\u00e9\"><br \/>\n            Marron fonc\u00e9<br \/>\n          <\/option><option value=\"Fushia\"><br \/>\n            Fushia<br \/>\n          <\/option><option value=\"Vert fonc\u00e9\"><br \/>\n            Vert fonc\u00e9<br \/>\n          <\/option><option value=\"Marron\"><br \/>\n            Marron<br \/>\n          <\/option><\/select>\n      <\/td>\n<\/tr>\n<\/table>\n<p>  <input type=\"hidden\" name=\"currency_code\" value=\"EUR\" \/><br \/>\n  <input type=\"image\" src=\"https:\/\/cynyem.com\/wp-content\/uploads\/2024\/07\/acheter-cynyemcom-1.jpg\" border=\"0\" name=\"submit\" title=\"PayPal, votre r\u00e9flexe s\u00e9curit\u00e9 pour payer en ligne.\" alt=\"Ajouter au panier\" \/><br \/>\n<\/form>\n","protected":false},"excerpt":{"rendered":"<p>Cet accessoire capillaire raffin\u00e9 combine les bienfaits protecteur de la soie \u00e0 un design sophistiqu\u00e9 et intemporel. Pr\u00e9servez la beaut\u00e9 de vos cheveux tout en ajoutant une touche d&rsquo;\u00e9l\u00e9gance \u00e0 votre coiffure. B\u00e9n\u00e9fices capillaire : Minimise la casse et les plis disgracieux. Entretien : Lavage \u00e0 la main d\u00e9licat, s\u00e9chage a l&rsquo;air libre Mati\u00e8re : &hellip; <\/p>\n<p class=\"link-more\"><a href=\"https:\/\/cynyem.com\/index.php\/chouchou-en-soie-du-cambodge\/\" class=\"more-link\">Continuer la lecture<span class=\"screen-reader-text\"> de &laquo;&nbsp;Chouchou en soie du Cambodge&nbsp;&raquo;<\/span><\/a><\/p>\n","protected":false},"author":1,"featured_media":0,"parent":0,"menu_order":0,"comment_status":"closed","ping_status":"closed","template":"","meta":{"_glsr_average":0,"_glsr_ranking":0,"_glsr_reviews":0,"footnotes":""},"class_list":["post-802","page","type-page","status-publish","hentry"],"_links":{"self":[{"href":"https:\/\/cynyem.com\/index.php\/wp-json\/wp\/v2\/pages\/802","targetHints":{"allow":["GET"]}}],"collection":[{"href":"https:\/\/cynyem.com\/index.php\/wp-json\/wp\/v2\/pages"}],"about":[{"href":"https:\/\/cynyem.com\/index.php\/wp-json\/wp\/v2\/types\/page"}],"author":[{"embeddable":true,"href":"https:\/\/cynyem.com\/index.php\/wp-json\/wp\/v2\/users\/1"}],"replies":[{"embeddable":true,"href":"https:\/\/cynyem.com\/index.php\/wp-json\/wp\/v2\/comments?post=802"}],"version-history":[{"count":6,"href":"https:\/\/cynyem.com\/index.php\/wp-json\/wp\/v2\/pages\/802\/revisions"}],"predecessor-version":[{"id":1135,"href":"https:\/\/cynyem.com\/index.php\/wp-json\/wp\/v2\/pages\/802\/revisions\/1135"}],"wp:attachment":[{"href":"https:\/\/cynyem.com\/index.php\/wp-json\/wp\/v2\/media?parent=802"}],"curies":[{"name":"wp","href":"https:\/\/api.w.org\/{rel}","templated":true}]}}