{"id":74,"date":"2022-10-28T14:48:43","date_gmt":"2022-10-28T12:48:43","guid":{"rendered":"https:\/\/cynyem.wordpress.com\/?page_id=74"},"modified":"2025-11-19T11:33:55","modified_gmt":"2025-11-19T10:33:55","slug":"devis","status":"publish","type":"page","link":"https:\/\/cynyem.com\/index.php\/devis\/","title":{"rendered":"Devis"},"content":{"rendered":"\n<p><\/p>\n\n\n\n<div class=\"wpcf7 no-js\" id=\"wpcf7-f600-o1\" lang=\"fr-FR\" dir=\"ltr\" data-wpcf7-id=\"600\">\n<div class=\"screen-reader-response\"><p role=\"status\" aria-live=\"polite\" aria-atomic=\"true\"><\/p> <ul><\/ul><\/div>\n<form action=\"\/index.php\/wp-json\/wp\/v2\/pages\/74#wpcf7-f600-o1\" method=\"post\" class=\"wpcf7-form init\" aria-label=\"Formulaire de contact\" enctype=\"multipart\/form-data\" novalidate=\"novalidate\" data-status=\"init\">\n<fieldset class=\"hidden-fields-container\"><input type=\"hidden\" name=\"_wpcf7\" value=\"600\" \/><input type=\"hidden\" name=\"_wpcf7_version\" value=\"6.1.5\" \/><input type=\"hidden\" name=\"_wpcf7_locale\" value=\"fr_FR\" \/><input type=\"hidden\" name=\"_wpcf7_unit_tag\" value=\"wpcf7-f600-o1\" \/><input type=\"hidden\" name=\"_wpcf7_container_post\" value=\"0\" \/><input type=\"hidden\" name=\"_wpcf7_posted_data_hash\" value=\"\" \/>\n<\/fieldset>\n<p><label> Votre nom<br \/>\n<span class=\"wpcf7-form-control-wrap\" data-name=\"your-name\"><input size=\"40\" maxlength=\"400\" class=\"wpcf7-form-control wpcf7-text wpcf7-validates-as-required\" autocomplete=\"name\" aria-required=\"true\" aria-invalid=\"false\" value=\"\" type=\"text\" name=\"your-name\" \/><\/span> <\/label>\n<\/p>\n<p><label> Votre e-mail<br \/>\n<span class=\"wpcf7-form-control-wrap\" data-name=\"your-email\"><input size=\"40\" maxlength=\"400\" class=\"wpcf7-form-control wpcf7-email wpcf7-validates-as-required wpcf7-text wpcf7-validates-as-email\" autocomplete=\"email\" aria-required=\"true\" aria-invalid=\"false\" value=\"\" type=\"email\" name=\"your-email\" \/><\/span> <\/label>\n<\/p>\n<p><label> Votre adresse de livraison<br \/>\n<span class=\"wpcf7-form-control-wrap\" data-name=\"textarea-780\"><textarea cols=\"40\" rows=\"10\" maxlength=\"2000\" class=\"wpcf7-form-control wpcf7-textarea\" aria-invalid=\"false\" name=\"textarea-780\"><\/textarea><\/span> <\/label>\n<\/p>\n<p><label> Votre num\u00e9ro de t\u00e9l\u00e9phone<br \/>\n<span class=\"wpcf7-form-control-wrap\" data-name=\"tel-802\"><input size=\"40\" maxlength=\"400\" class=\"wpcf7-form-control wpcf7-tel wpcf7-validates-as-required wpcf7-text wpcf7-validates-as-tel\" aria-required=\"true\" aria-invalid=\"false\" value=\"\" type=\"tel\" name=\"tel-802\" \/><\/span> <\/label>\n<\/p>\n<p><label> Formats<br \/>\n<span class=\"wpcf7-form-control-wrap\" data-name=\"select-954\"><select class=\"wpcf7-form-control wpcf7-select wpcf7-validates-as-required\" aria-required=\"true\" aria-invalid=\"false\" name=\"select-954\"><option value=\"A5- 1 visage\">A5- 1 visage<\/option><option value=\"A4 - 1 visage\">A4 - 1 visage<\/option><option value=\"A4 - 2 visages\">A4 - 2 visages<\/option><option value=\"A3 - 1 visage\">A3 - 1 visage<\/option><option value=\"A3 - 2 visages\">A3 - 2 visages<\/option><option value=\"A3 - 3 visages\">A3 - 3 visages<\/option><option value=\"A3 - 4 visages\">A3 - 4 visages<\/option><option value=\"portrait sur toile 1 visage A4\">portrait sur toile 1 visage A4<\/option><option value=\"portrait sur toile 1 visage A3\">portrait sur toile 1 visage A3<\/option><option value=\"portrait sur toile 2 visages A3\">portrait sur toile 2 visages A3<\/option><option value=\"portrait sur toile autres formats\">portrait sur toile autres formats<\/option><\/select><\/span> <\/label>\n<\/p>\n<p><label> Cadre + passe-partout 10\u20ac<br \/>\n<span class=\"wpcf7-form-control-wrap\" data-name=\"Cadre-633\"><select class=\"wpcf7-form-control wpcf7-select wpcf7-validates-as-required\" aria-required=\"true\" aria-invalid=\"false\" name=\"Cadre-633\"><option value=\"\">s\u00e9lectionnez<\/option><option value=\"Oui\">Oui<\/option><option value=\"Non\">Non<\/option><\/select><\/span> <\/label>\n<\/p>\n<p><label> Paiement souhait\u00e9<br \/>\n<span class=\"wpcf7-form-control-wrap\" data-name=\"paiement-685\"><select class=\"wpcf7-form-control wpcf7-select wpcf7-validates-as-required\" aria-required=\"true\" aria-invalid=\"false\" name=\"paiement-685\"><option value=\"\">S\u00e9lectionnez<\/option><option value=\"Carte bancaire (lien s\u00e9curis\u00e9  iZettle)\">Carte bancaire (lien s\u00e9curis\u00e9  iZettle)<\/option><option value=\"Virement\">Virement<\/option><option value=\"Ch\u00e8que\">Ch\u00e8que<\/option><option value=\"Paypal\">Paypal<\/option><\/select><\/span> <\/label>\n<\/p>\n<p><label> Envoyer vos photos<br \/>\n<span class=\"wpcf7-form-control-wrap\" data-name=\"photo-1\"><input size=\"40\" class=\"wpcf7-form-control wpcf7-file\" accept=\"audio\/*,video\/*,image\/*\" aria-invalid=\"false\" type=\"file\" name=\"photo-1\" \/><\/span> <\/label> 12mb max\n<\/p>\n<p><label><br \/>\n<span class=\"wpcf7-form-control-wrap\" data-name=\"photo-2\"><input size=\"40\" class=\"wpcf7-form-control wpcf7-file\" accept=\"audio\/*,video\/*,image\/*\" aria-invalid=\"false\" type=\"file\" name=\"photo-2\" \/><\/span> <\/label> 12mb max\n<\/p>\n<p><label> Votre message<br \/>\n<span class=\"wpcf7-form-control-wrap\" data-name=\"your-message\"><textarea cols=\"40\" rows=\"10\" maxlength=\"2000\" class=\"wpcf7-form-control wpcf7-textarea\" aria-invalid=\"false\" name=\"your-message\"><\/textarea><\/span> <\/label>\n<\/p>\n<p><input class=\"wpcf7-form-control wpcf7-submit has-spinner\" type=\"submit\" value=\"Envoyer\" \/>\n<\/p><div class=\"wpcf7-response-output\" aria-hidden=\"true\"><\/div>\n<\/form>\n<\/div>\n\n\n\n<p><head> <script async src=\"https:\/\/pagead2.googlesyndication.com\/pagead\/js\/adsbygoogle.js?client=ca-pub-6699409907961196\"\n     crossorigin=\"anonymous\"><\/script> <\/head><\/p>\n\n\n\n<p><\/p>\n","protected":false},"excerpt":{"rendered":"","protected":false},"author":1,"featured_media":0,"parent":0,"menu_order":0,"comment_status":"closed","ping_status":"closed","template":"","meta":{"_glsr_average":0,"_glsr_ranking":0,"_glsr_reviews":0,"footnotes":""},"class_list":["post-74","page","type-page","status-publish","hentry"],"_links":{"self":[{"href":"https:\/\/cynyem.com\/index.php\/wp-json\/wp\/v2\/pages\/74","targetHints":{"allow":["GET"]}}],"collection":[{"href":"https:\/\/cynyem.com\/index.php\/wp-json\/wp\/v2\/pages"}],"about":[{"href":"https:\/\/cynyem.com\/index.php\/wp-json\/wp\/v2\/types\/page"}],"author":[{"embeddable":true,"href":"https:\/\/cynyem.com\/index.php\/wp-json\/wp\/v2\/users\/1"}],"replies":[{"embeddable":true,"href":"https:\/\/cynyem.com\/index.php\/wp-json\/wp\/v2\/comments?post=74"}],"version-history":[{"count":3,"href":"https:\/\/cynyem.com\/index.php\/wp-json\/wp\/v2\/pages\/74\/revisions"}],"predecessor-version":[{"id":1094,"href":"https:\/\/cynyem.com\/index.php\/wp-json\/wp\/v2\/pages\/74\/revisions\/1094"}],"wp:attachment":[{"href":"https:\/\/cynyem.com\/index.php\/wp-json\/wp\/v2\/media?parent=74"}],"curies":[{"name":"wp","href":"https:\/\/api.w.org\/{rel}","templated":true}]}}